mmon factor of t and 96.
48
Let v = -156 + 195. Calculate the highest common factor of v and 624.
39
Let q = -8 + 13. Let d be (-56)/(-42) - (-1)/(-3). Suppose -q*y - d = 4*p, y + 2*p + 2 = -3. Calculate the greatest common divisor of 33 and y.
3
Suppose -106*l + 111*l - 275 = 0. Let d(g) = -g**2 - g + 3. Let h be d(0). Suppose -h*s = 2*s - l. What is the highest common factor of 55 and s?
11
Let b(c) = -9*c - 3. Let y be b(-2). Suppose -y*u + 0*u = -900. What is the greatest common divisor of 20 and u?
20
Let j(n) = n**3 + 17*n**2 + 5*n + 95. Let s be j(-17). What is the greatest common divisor of 3110 and s?
10
Let g(m) = 3*m**2 - 25*m + 169. Let j be g(13). What is the greatest common divisor of 65 and j?
13
Let r(o) = 17*o + 112. Let h be r(8). Calculate the greatest common divisor of 186 and h.
62
Suppose 174 = 3*q + w - 803, 3*w + 309 = q. Calculate the highest common factor of 81 and q.
81
Suppose -2*n + 47 = 2*j - 191, 4*n + j = 476. What is the highest common factor of n and 7?
7
Let w be ((-10)/5)/(-2 - -4)*-1. Let c be (-9)/(-6) + (-2)/(-4). Calculate the highest common factor of w and c.
1
Suppose -4*c - v = -44, -2*v = c + 2*c - 28. Let n be (510/(-25))/(-6) + 14/(-35). Calculate the highest common factor of n and c.
3
Suppose 0 = -q - 2, -18*b = -22*b - 5*q + 190. What is the greatest common factor of b and 110?
10
Let x(o) = o**2 - 17 + 9*o - 1 + 6. Let b be x(-10). Let m(c) = -2*c**3 - 2*c - 2. Let v be m(b). What is the greatest common divisor of v and 72?
18
Suppose s = 3*s - 392. Suppose -6*j - 10 = -s. Calculate the highest common divisor of j and 124.
31
Suppose -27*k + 2107 + 728 = 0. What is the highest common divisor of k and 1470?
105
Suppose -4*c = 10*t - 5*t - 34, -3*t - 4*c = -14. Calculate the highest common divisor of 6 and t.
2
Let d be (1 + 115/(-25))/((-3)/(-60)). Let f = d + 73. What is the greatest common divisor of f and 17?
1
Suppose -51 - 9 = -2*a. Let m(d) = -d**3 - 2*d**2. Let g be m(-2). Suppose -v + 1 = g, -2*v = -4*h + 2*v + 76. What is the greatest common divisor of h and a?
10
Suppose -2*l = -g - 3*g - 60, 0 = 4*l - g - 120. Suppose 4*u - 19 - 21 = 0. What is the highest common factor of l and u?
10
Let i(r) = -r**3 - 7*r**2 + r - 1. Let p be i(-7). Let w be 2/p*5*-4. Let z be 5/15*(1 - -104). What is the greatest common factor of w and z?
5
Let j = 3530 - 2055. What is the highest common divisor of 118 and j?
59
Suppose -j + 18 = -r - 1, -r = 2*j - 35. What is the highest common divisor of j and 45?
9
Let q be 7/5 - (-9)/(315/(-14)). Suppose 0 = -2*c, -3*k + 2*c + c + 6 = 0. Let a be 14 - (-2 + k) - 3. Calculate the highest common divisor of q and a.
1
Let g(f) = -f**3 + 13*f**2 - 10*f - 18. Let k be g(12). Suppose 4*t - 110 = -k*t. Calculate the greatest common divisor of t and 11.
11
Suppose -1471*c + 1457*c = -48930. Calculate the highest common divisor of c and 15.
15
Suppose 19 = 2*o - 5*f, 0 = 3*o + f - 18 - 36. What is the greatest common divisor of 2941 and o?
17
Suppose 0 = -3*f + 2*y + 54, 0 = -0*f - 5*f - 5*y + 90. Let k be (20/(-15))/((-3)/f). Calculate the greatest common factor of 56 and k.
8
Suppose -4*d + 5*p = -1165, -870 = -3*d + 6*p - 3*p. Suppose -4*j + d = -23. What is the highest common divisor of 7 and j?
7
Let g = 318 + -54. Suppose 64 = 4*x - 3*j - g, j = 4*x - 336. Let b = -10 + 27. What is the greatest common divisor of x and b?
17
Suppose -m + 8 = 4*x + 3, 4*m - 42 = -5*x. Calculate the greatest common divisor of m and 13.
13
Let s(r) be the first derivative of r**4/4 + 2*r**3/3 - 5*r**2/2 + 5*r + 1. Let a = 82 - 78. Let g be s(a). Calculate the greatest common divisor of g and 9.
9
Suppose -u - 9 = -2*u. Suppose 18 = -3*c + u*c. Suppose -c = 2*n - 105. What is the greatest common factor of n and 17?
17
Let a(b) = -b**3 + 56*b**2 - 67*b + 54. Let p be a(54). What is the highest common factor of p and 84?
84
Let g = 29 + 37. Calculate the highest common factor of 3036 and g.
66
Let a(r) = -r**2 - 2*r + 450. Let k be a(0). Suppose -4*i = -i - k. Calculate the greatest common factor of 15 and i.
15
Let n be -2 + (1 - (2 - 0)). Let y be n - (-2 + -375) - 2. What is the greatest common divisor of y and 12?
12
Let o(j) = j**3 + 6*j**2 - 17*j - 6. Let v be o(3). Calculate the highest common divisor of v and 636.
12
Let m(l) be the first derivative of 13/2*l**2 - l + 8 - 1/3*l**3. Let a be m(12). What is the highest common factor of 77 and a?
11
Suppose 8 + 7 = 5*k. Suppose -k*o = -23 - 70. Calculate the highest common factor of o and 155.
31
Suppose 3*r + f = 97, -5*r - 23*f + 25*f = -169. Calculate the greatest common divisor of 121 and r.
11
Suppose 3*p = -p. Suppose -5*f + 88 = 4*g - f, 3*g + 4*f - 62 = p. Calculate the greatest common factor of 13 and g.
13
Suppose 22 + 18 = k. Suppose 0 = -44*y + 41*y + 42. Let z be 44/7 + 2 - 4/y. Calculate the greatest common factor of k and z.
8
Suppose -8328 - 15828 = -61*y. Suppose 266 - 46 = 5*o. Calculate the greatest common divisor of y and o.
44
Let r be (84/(-15))/(4/(-10)). Let q = r + 0. Calculate the highest common divisor of q and 98.
14
Let t be 8 - 1 - (-11)/(33/24). What is the highest common divisor of t and 1065?
15
Let u be 15*((-612)/(-9) - -5). Calculate the greatest common divisor of u and 15.
15
Suppose 4*k - 59 = -5*z + 4*z, 0 = k - 5*z - 20. Let f be (18/k)/((-14)/(-245)). Calculate the greatest common divisor of f and 7.
7
Suppose 8 = 4*v, -15*v + 140 = 5*a - 10*v. Calculate the highest common factor of 1027 and a.
13
Suppose 3 - 1 = f. Suppose -d - f = -3. Let c be ((-18)/21)/(d/(-7)). What is the greatest common divisor of 12 and c?
6
Suppose 405 = 4*s - 255. What is the highest common divisor of s and 75?
15
Let r = -142 - -138. Let u be (-224)/42*(-5)/r*-3. What is the greatest common divisor of u and 15?
5
Let b = 42 - 188. Let k = -116 - b. Suppose -2 = -3*n + 34. Calculate the highest common divisor of k and n.
6
Suppose q - 4 = -5, -2*n + 119 = q. What is the highest common factor of n and 204?
12
Let z(y) = y**2 - 8*y + 16. Let l be z(8). Let i = -6 + -3. Let o = l + i. What is the greatest common factor of o and 63?
7
Let g = -21 - -116. Let n = 131 - g. Calculate the highest common divisor of n and 48.
12
Suppose -u = 3*q + 4, -2*u - 3*u - 4 = -q. Let b be u/2 - 39/(-6). Let i = -276 + 294. What is the highest common factor of b and i?
6
Let c = -575 + 335. Let z = 373 + c. What is the highest common factor of z and 19?
19
Suppose 0 = 2*r - 18 - 26. Let k = -47 - -58. What is the greatest common divisor of r and k?
11
Suppose 4 = -52*x + 53*x. Suppose -r = r - 128. What is the highest common divisor of r and x?
4
Let x(j) = j**2 + 9*j + 9. Let a(q) = q**2 + 6*q - 17. Let c be a(-7). Let d be x(c). Calculate the highest common divisor of d and 133.
19
Let d(u) = -u**3 - 35*u**2 - 2*u - 50. Let q be d(-35). Calculate the highest common divisor of q and 140.
20
Let y be 532/4 + 8/(32/(-12)). What is the greatest common divisor of y and 1105?
65
Let z(t) = -291*t + 8. Let j be z(-5). What is the highest common divisor of 77 and j?
77
Suppose 0 = -30*o + 11*o + 570. Suppose -2*d + 7*d - 5*u = 110, 3*d - 5*u = 62. Let k = o + d. What is the greatest common divisor of 81 and k?
27
Suppose -10*d + 529 = 269. Calculate the highest common divisor of d and 39.
13
Let z(o) = o**2 - 2*o + 5. Let i be z(6). Suppose 13*k - 3588 - 559 = 0. What is the highest common divisor of k and i?
29
Let t be 60/14 - 4/14. Suppose 4*q + 46 = 3*p, p - q - t*q = 8. Let u be 54/7*(13 + -6). Calculate the greatest common factor of u and p.
18
Let b = 2799 + -1759. What is the highest common divisor of 52 and b?
52
Let h be ((-3016)/20)/(2*5/(-50)). What is the greatest common factor of 58 and h?
58
Suppose 0 = -2*u - 3*s + 32, 79*u + 4*s + 27 = 80*u. Suppose 2*x + 4*q - 326 = 0, -7*x + 672 = -3*x + 3*q. Calculate the highest common divisor of u and x.
19
Suppose y - 438 = -113. Calculate the highest common factor of 13 and y.
13
Suppose 169*q - 120 = 164*q. Calculate the highest common divisor of 24 and q.
24
Let v(d) = 3*d + 25. Let o = -59 + 59. Let h be v(o). Calculate the highest common factor of 200 and h.
25
Suppose 532 = -6*t + 70. Let u = t - -105. What is the greatest common factor of 21 and u?
7
Let x be (35/(-3))/((-3